ds digit of 3222720551?
0
What is the ten thousands digit of 74703856?
0
What is the units digit of 9280622?
2
What is the ten millions digit of 182206906?
8
What is the hundred thousands digit of 14400334?
4
What is the ten millions digit of 1004773115?
0
What is the ten thousands digit of 212821267?
2
What is the hundreds digit of 580783470?
4
What is the ten thousands digit of 373078834?
7
What is the hundred thousands digit of 214889680?
8
What is the hundred millions digit of 1448485926?
4
What is the millions digit of 632046694?
2
What is the billions digit of 4883318208?
4
What is the billions digit of 5917802712?
5
What is the hundreds digit of 941334626?
6
What is the millions digit of 2803568410?
3
What is the thousands digit of 117860451?
0
What is the thousands digit of 428425695?
5
What is the billions digit of 1489599687?
1
What is the ten thousands digit of 62876249?
7
What is the tens digit of 2690939037?
3
What is the ten millions digit of 6413728300?
1
What is the units digit of 222622818?
8
What is the units digit of 130340264?
4
What is the hundreds digit of 1981078064?
0
What is the ten thousands digit of 142718274?
1
What is the billions digit of 2450617863?
2
What is the hundreds digit of 126978879?
8
What is the thousands digit of 4400945327?
5
What is the hundreds digit of 2204080334?
3
What is the ten millions digit of 55114788?
5
What is the millions digit of 138839340?
8
What is the hundred millions digit of 2582021542?
5
What is the ten thousands digit of 1665193529?
9
What is the units digit of 86823219?
9
What is the units digit of 4174781838?
8
What is the tens digit of 83909162?
6
What is the tens digit of 34367947?
4
What is the hundreds digit of 1916257591?
5
What is the ten millions digit of 433996638?
3
What is the thousands digit of 1191153761?
3
What is the millions digit of 392514202?
2
What is the hundred millions digit of 172830417?
1
What is the hundred millions digit of 2810845263?
8
What is the hundred millions digit of 286687921?
2
What is the ten millions digit of 844452288?
4
What is the thousands digit of 5332843615?
3
What is the hundred millions digit of 572221234?
5
What is the hundreds digit of 1842849?
8
What is the ten millions digit of 39760828?
3
What is the thousands digit of 80622391?
2
What is the hundred millions digit of 360057154?
3
What is the tens digit of 2162892720?
2
What is the ten millions digit of 61448040?
6
What is the tens digit of 33358215?
1
What is the hundreds digit of 2531484543?
5
What is the thousands digit of 1674196258?
6
What is the thousands digit of 1092462880?
2
What is the ten thousands digit of 678559756?
5
What is the hundred millions digit of 374655563?
3
What is the tens digit of 115353687?
8
What is the tens digit of 2102108915?
1
What is the millions digit of 18369134?
8
What is the hundred thousands digit of 48818645?
8
What is the ten millions digit of 351730810?
5
What is the units digit of 4493924065?
5
What is the hundred thousands digit of 36155892?
1
What is the billions digit of 1335995886?
1
What is the ten millions digit of 27505321?
2
What is the millions digit of 198166779?
8
What is the ten millions digit of 1509026308?
0
What is the billions digit of 8707289537?
8
What is the millions digit of 2921735490?
1
What is the tens digit of 39312646?
4
What is the millions digit of 435315975?
5
What is the millions digit of 1527415033?
7
What is the millions digit of 568424840?
8
What is the hundreds digit of 4182971279?
2
What is the thousands digit of 4991606?
1
What is the tens digit of 19454797?
9
What is the units digit of 216731391?
1
What is the tens digit of 72671188?
8
What is the ten thousands digit of 318018924?
1
What is the millions digit of 9282505933?
2
What is the tens digit of 42484668?
6
What is the thousands digit of 787591823?
1
What is the tens digit of 34034082?
8
What is the billions digit of 3728494931?
3
What is the tens digit of 213100207?
0
What is the ten thousands digit of 1077292803?
9
What is the hundreds digit of 78430098?
0
What is the hundreds digit of 2755707796?
7
What is the ten millions digit of 33124599?
3
What is the tens digit of 10825677?
7
What is the thousands digit of 1147585253?
5
What is the ten thousands digit of 184174577?
7
What is the hundred thousands digit of 4106884914?
8
What is the units digit of 8773900?
0
What is the tens digit of 90604061?
6
What is the millions digit of 25282815?
5
What is the ten thousands digit of 1164745344?
4
What is the hundred thousands digit of 569811533?
8
What is the ten millions digit of 18307314?
1
What is the units digit of 181012578?
8
What is the ten thousands digit of 3176375525?
7
What is the hundred thousands digit of 67531977?
5
What is the billions digit of 8364805059?
8
What is the tens digit of 124318921?
2
What is the ten millions digit of 877602774?
7
What is the ten thousands digit of 2007209397?
0
What is the millions digit of 2889469124?
9
What is the ten thousands digit of 551822538?
2
What is the billions digit of 5783447159?
5
What is the millions digit of 2407517571?
7
What is the ten millions digit of 117932698?
1
What is the hundreds digit of 7203717?
7
What is the units digit of 111340123?
3
What is the millions digit of 5904103683?
4
What is the hundred millions digit of 256930010?
2
What is the units digit of 39374067?
7
What is the units digit of 1953438301?
1
What is the ten millions digit of 112265632?
1
What is the tens digit of 4856581109?
0
What is the thousands digit of 271317778?
7
What is the ten millions digit of 56217786?
5
What is the hundreds digit of 2441653566?
5
What is the hundreds digit of 4130560734?
7
What is the thousands digit of 96018655?
8
What is the ten thousands digit of 70565009?
6
What is the tens digit of 117279229?
2
What is the thousands digit of 1106753617?
3
What is the hundred millions digit of 144130013?
1
What is the hundred millions digit of 247205566?
2
What is the millions digit of 536973320?
6
What is the hundreds digit of 465010007?
0
What is the tens digit of 31927983?
8
What is the millions digit of 116098924?
6
What is the hundreds digit of 239851815?
8
What is the ten thousands digit of 6104221?
0
What is the tens digit of 1725587107?
0
What is the millions digit of 2986046510?
6
What is the tens digit of 452864970?
7
What is the ten thousands digit of 2673300064?
0
What is the units digit of 52042423?
3
What is the millions digit of 87279326?
7
What is the hundred millions digit of 896958318?
8
What is the hundred thousands digit of 596214064?
2
What is the thousands digit of 22608392?
8
What is the hundred millions digit of 8523146803?
5
What is the ten thousands digit of 30183716?
8
What is the ten thousands digit of 5989529037?
2
What is the units digit of 20848842?
2
What is the ten thousands digit of 35909239?
0
What is the ten millions digit of 46386508?
4
What is the tens digit of 1020987227?
2
What is the tens digit of 1437968710?
1
What is the thousands digit of 93873183?
3
What is the hundred millions digit of 2258344355?
2
What is the hundred thousands digit of 1210429129?
4
What is the units digit of 15721727?
7
What is the ten millions digit of 1136294542?
3
What is the hundred thousands digit of 203251187?
2
What is the ten millions digit of 264021038?
6
What is the units digit of 9618386?
6
What is the hundred thousands digit of 21011255?
0
What is the hundreds digit of 1425959233?
2
What is the hundreds digit of 911721150?
1
What is the hundreds digit of 370399761?
7
What is the thousands digit of 1874434?
4
What is the thousands digit of 2680584?
0
What is the tens digit of 57585151?
5
What is the units digit of 94859931?
1
What is the units digit of 470650630?
0
What is the millions digit of 25714347?
5
What is the ten millions digit of 3321820627?
2
What is the ten thousands digit of 2616294130?
9
What is the thousands digit of 50199854?
9
What is the millions digit of 85579686?
5
What is the hundreds digit of 22076741?
7
What is the ten millions digit of 3469461532?
6
What is the billions digit of 1018046691?
1
What is the ten thousands digit of 2388339589?
3
What is the ten thousands digit of 422079872?
7
What is the units digit of 377013606?
6
What is the hundred